base 3, what is 12221120001020 - -10?
12221120001100
In base 10, what is -3898893 + 4?
-3898889
In base 6, what is -13 - 1034253240?
-1034253253
In base 16, what is 5 - b06e30a?
-b06e305
In base 14, what is -b6 - db?
-1b3
In base 16, what is -85d8c + -c9?
-85e55
In base 5, what is 2424112440 - 14?
2424112421
In base 14, what is -4 + -1506763?
-1506767
In base 9, what is 35072 + 73447?
118530
In base 11, what is -4 - -39a4721?
39a4718
In base 10, what is 4 - 306623?
-306619
In base 11, what is 1 - 1851950?
-185194a
In base 6, what is -20445124231 - 2?
-20445124233
In base 11, what is -9613 - 103?
-9716
In base 7, what is 4212111 - 451?
4211330
In base 16, what is -2989 - 11e?
-2aa7
In base 5, what is 32 - 1410102102?
-1410102020
In base 8, what is -134 + -6161256?
-6161412
In base 3, what is -11200 - -21002212211?
21002201011
In base 15, what is -4 - 23300e?
-233013
In base 4, what is 2132222002103 - 12?
2132222002031
In base 2, what is 11110101000101011111010 - -10?
11110101000101011111100
In base 4, what is -10331 - -2202300313?
2202223322
In base 10, what is -9027 - -320?
-8707
In base 5, what is 3 + 130101310401?
130101310404
In base 9, what is 6264632 - 251?
6264371
In base 5, what is -1030 - -4100312?
4044232
In base 16, what is 1 + 31442a?
31442b
In base 11, what is 816139a - 0?
816139a
In base 9, what is -444 - -17636?
17182
In base 7, what is -11402 + -3526?
-15231
In base 2, what is 1 - 1000000100001101001111111110?
-1000000100001101001111111101
In base 6, what is -12 - -102010351?
102010335
In base 9, what is -35167 + -4527?
-40705
In base 12, what is -205 - -3b415?
3b210
In base 12, what is 1263237 + -2?
1263235
In base 2, what is 1011101111010101110101110 + -101?
1011101111010101110101001
In base 15, what is -1acb + -bdca?
-d9a6
In base 10, what is -326912 - -74?
-326838
In base 9, what is -878 + 370626?
368637
In base 9, what is 78 - 267573?
-267484
In base 2, what is -10011010101101100101 - 10?
-10011010101101100111
In base 6, what is -244543 + 320?
-244223
In base 5, what is 242 - 103330022?
-103324230
In base 11, what is -887a327 - 1?
-887a328
In base 5, what is 12001100103 - 10?
12001100043
In base 6, what is -12441352 - -144?
-12441204
In base 12, what is 2 - -20844998?
2084499a
In base 12, what is -2 - -19a5a43?
19a5a41
In base 11, what is -75 - 836a6?
-83770
In base 6, what is -42253113 + -3?
-42253120
In base 16, what is -53c20f0 + 5?
-53c20eb
In base 7, what is 21023046 - -3?
21023052
In base 7, what is 4020 + -1505?
2212
In base 12, what is -119762696 - -3?
-119762693
In base 5, what is -140330 - -1103?
-134222
In base 3, what is 12220202012100102 + -1?
12220202012100101
In base 16, what is 1f + 3a9fba?
3a9fd9
In base 13, what is 56 - -b4257?
b42b0
In base 7, what is 22261 + -60446?
-35155
In base 16, what is -2977 + 2bdd?
266
In base 14, what is b24 + a2c?
1752
In base 16, what is 6381 + 6c01?
cf82
In base 10, what is 73 + -2205315?
-2205242
In base 4, what is 1213220 - -3202203?
11022023
In base 2, what is 10000000 + -1101011001110100?
-1101010111110100
In base 3, what is -122100 - -200021122102?
200021000002
In base 13, what is 13483 - -10?
13493
In base 8, what is 2 - 24050001?
-24047777
In base 11, what is -262784 - -6?
-262779
In base 5, what is 14 - 333104401?
-333104332
In base 7, what is 5 + -556046?
-556041
In base 5, what is -4430043042401 - -3?
-4430043042343
In base 8, what is 210370 + -6475?
201673
In base 12, what is 5 - -25b441?
25b446
In base 8, what is 126424776 + -4?
126424772
In base 12, what is -b - 4367b4?
-436803
In base 10, what is 687 - 126980?
-126293
In base 4, what is -1302222022 + -22231?
-1302310313
In base 4, what is 30 - -303110020?
303110110
In base 8, what is -25447471 - -5?
-25447464
In base 4, what is -10013223 + -1103230?
-11123113
In base 15, what is -1495490 - -2?
-149548d
In base 13, what is 90c9 + -20578?
-1447c
In base 10, what is 13 + 1519944?
1519957
In base 9, what is 38268364 - 5?
38268358
In base 8, what is 4 - 1640460?
-1640454
In base 10, what is -19048205 - 2?
-19048207
In base 10, what is 15 + -702664?
-702649
In base 9, what is 63437168 - 0?
63437168
In base 9, what is 25 - -155153?
155178
In base 3, what is -100 + -2200012010102102?
-2200012010102202
In base 9, what is -357 - 33851?
-34318
In base 3, what is 2 + -110011010011021100?
-110011010011021021
In base 13, what is 1971575c8 - 2?
1971575c6
In base 3, what is -100012 - -2122121?
2022102
In base 12, what is 1190 + -3b255?
-3a085
In base 6, what is 4535524 + 3103?
4543031
In base 10, what is 238 - -234146?
234384
In base 4, what is -2101102123 + -11320?
-2101120103
In base 16, what is -1c6b1ef - -1?
-1c6b1ee
In base 3, what is 0 + 1001012022122100?
1001012022122100
In base 3, what is -12 - -12002001121102?
12002001121020
In base 2, what is 101 - -11101101100100000001001?
11101101100100000001110
In base 7, what is -13612025 - 1?
-13612026
In base 7, what is 355 + -15151031?
-15150343
In base 9, what is 10 - 51113710?
-51113700
In base 6, what is -2311030 + 14114?
-2252512
In base 2, what is 1110100101011110000010011 - 100?
1110100101011110000001111
In base 10, what is 259725371 + 0?
259725371
In base 4, what is -113320113103 - -2?
-113320113101
In base 5, what is 1 - 2000034024?
-2000034023
In base 15, what is -b4a + 110?
-a3a
In base 15, what is -5d06b3 + -b?
-5d06be
In base 9, what is -12373 + -6125?
-18508
In base 8, what is 4 - 143575307?
-143575303
In base 7, what is 301 - 5133063?
-5132462
In base 12, what is 4baa4a6 - -2?
4baa4a8
In base 13, what is -580408 - -201?
-580207
In base 6, what is -123422 - 115?
-123541
In base 8, what is 55527 + -1407?
54120
In base 6, what is -22020535 - 5422?
-22030401
In base 5, what is -310300 - -312312?
2012
In base 16, what is b47d + -698d?
4af0
In base 10, what is 4 + 26993818?
26993822
In base 8, what is -1540 - 63370?
-65130
In base 7, what is -3301 + 1560366?
1554065
In base 13, what is -137 - 15c0a6?
-15c210
In base 13, what is 1208 - -20b2?
32ba
In base 5, what is -23142011 + 3032?
-23133424
In base 6, what is 10220102 - -301?
10220403
In base 7, what is -2450305 - 245?
-2450553
In base 16, what is 0 - -360bcd1?
360bcd1
In base 11, what is -607aa6 + -5?
-608000
In base 9, what is -660007 - 15?
-660023
In base 5, what is 1324 - 1220113?
-1213234
In base 9, what is -2 - -121772314?
121772312
In base 4, what is -12303023313 + -20?
-12303023333
In base 13, what is 48caab0 - 0?
48caab0
In base 11, what is 91aaa6a + 10?
91aaa7a
In base 16, what is -2968 - 20a?
-2b72
In base 5, what is -241231 - 100142?
-341423
In base 16, what is -4488f + -12?
-448a1
In base 3, what is -2102 + 210001022210?
210001020101
In base 12, what is -10 + 4874691?
4874681
In base 16, what is -55 - 4bc26?
-4bc7b
In base 9, what is 47125 - -5452?
53577
In base 12, what is 2412 + 290?
26a2
In base 12, what is -1798 + 136a8a?
1352b2
In base 5, what is 11 + 21101100312?
21101100323
In base 9, what is -145 - 31638?
-31784
In base 13, what is -1a994b - 34?
-1a9982
In base 15, what is 2 + -2915e19?
-2915e17
In base 6, what is -33321 + -10434?
-44155
In base 8, what is 11 - -1573414?
1573425
In base 7, what is 31556523 - 14?
31556506
In base 6, what is -13125104 - -1204?
-13123500
In base 11, what is 16 + 1616624?
161663a
In base 12, what is -2 + 926443b?
9264439
In base 7, what is -5 - 3601563332?
-3601563340
In base 12, what is -507 + 8310?
7a05
In base 5, what is 204130101120 + -10?
204130101110
In base 4, what is -1132231322 + -22?
-1132232010
In base 8, what is -17 - 536427?
-536446
In base 10, what is -1481 + 188978?
187497
In base 7, what is 30656111 - -111?
30656222
In base 2, what is 10000001110010110001 + -111000010110?
10000000111010011011
In base 4, what is -1 + -122121132003?
-122121132010
In base 12, what is 7 + 2b6040?
2b6047
In base 7, what is -36362122 + 0?
-36362122
In base 16, what is 1 - -62ba3e5?
62ba3e6
In base 4, what is 0 + 13302131232?
13302131232
In base 2, what is 100010 - 101011001101001000?
-101011001100100110
In base 2, what is -10111010100011000001010011100 + 1?
-10111010100011000001010011011
In base 11, what is -2aa12a - 6?
-2aa135
In base 8, what is 55340534 + -1?
55340533
In base 13, what is -28 + 2b95c?
2b934
In base 11, what is -23 - 41a?
-442
In base 2, what is -101111